 common divisor of a and 609?
21
Suppose 44*h - 10 = 49*h. Let g be (220/(-33))/(h/(-9)). Let k be g/4*(-84)/10. What is the greatest common factor of 7 and k?
7
Let g = 69 - 43. Suppose 6*j + g = 3*m + 5*j, -4*j = -3*m + 23. Calculate the greatest common factor of 153 and m.
9
Suppose 0 = -6*f + m + 447 - 3, -296 = -4*f + 5*m. Let l(z) = z + 2. Let k be l(-2). Suppose k = 5*n - 121 - 64. What is the highest common factor of f and n?
37
Let j(r) = -22*r**2 + 241*r - 39. Let o be j(10). Suppose -4*f = 49 - 961. Let u be (2/4)/(6/f). What is the highest common divisor of u and o?
19
Let f = 505 - 781. Let a be (-8 - f/3) + 1/1. Calculate the highest common divisor of 34 and a.
17
Let o be 17/7 + (-75)/175. Let d be (64/(-6))/o*-3. What is the highest common divisor of 64 and d?
16
Let u = 100 + -46. Let h(z) = -22*z - 96. Let b(w) = -2*w. Let s(c) = 2*b(c) - h(c). Let v be s(-5). Calculate the greatest common divisor of u and v.
6
Suppose 0 = 4*u + k - 16, -5*u - 3*k + 7*k + 20 = 0. Suppose -2*i - 128 = -3*x, -u*x - 11*i = -9*i - 152. Calculate the greatest common factor of 60 and x.
20
Suppose 65 - 101 = -4*s. Let h(y) = 9*y + 24. Let i be h(s). What is the greatest common factor of 63 and i?
21
Let g(t) be the third derivative of t**5/30 - 5*t**4/12 + 11*t**3/3 - 4*t**2 - 8*t. Let q be g(6). What is the highest common factor of 17 and q?
17
Let x = 5812 - 4294. Calculate the highest common divisor of x and 1242.
138
Let w be (-3 + 2727)/(201/268). Calculate the highest common divisor of w and 32.
16
Suppose -18 = 2*c - 5*f, -39 = c - 0*c + 5*f. Let i = -12 - c. Suppose -2*g + 5*k + 36 = 0, 6*k = 4*k + 8. Calculate the highest common factor of g and i.
7
Suppose -n + 4*t = -5*n + 92, -5*t - 67 = -2*n. Let j(l) = -7*l - 26. Let w = -30 - -26. Let s be j(w). What is the greatest common divisor of s and n?
2
Suppose -4*p + 17 = -3. Suppose -5*d + 72 + 603 = 3*v, v + p = 0. Let c be 3/(-12) + d/8. What is the greatest common factor of 17 and c?
17
Let w = -240 + 816. Calculate the highest common divisor of w and 198.
18
Let m(q) = 331*q - 111. Let z be m(2). Suppose -380*l + 379*l = -29. What is the highest common factor of z and l?
29
Let c(t) = -25*t - 743. Let g be c(-30). Let w(d) = -2*d**2 - 1. Let k be w(-1). Let a be k/6 + 71/2. What is the greatest common factor of a and g?
7
Let o be 1/2 + (-1794)/(-12) + -2. Let b(a) = -12*a**2 + 10*a - 2. Let g be b(6). Let l be 6/(-15) - g/10. Calculate the highest common factor of o and l.
37
Let u be 176/(-24)*432/(-32). Let x be (-2)/4*108/(-6). Calculate the highest common divisor of u and x.
9
Let n = 7916 - 7829. Calculate the highest common factor of 9976 and n.
29
Let z(n) = 24*n**2 + n - 5. Suppose -1 = -3*a - 10. Let j be z(a). What is the highest common factor of 26 and j?
26
Suppose -100 = -1589*r + 1579*r. Let p(y) = 42*y + 39. Let l be p(3). Calculate the highest common divisor of l and r.
5
Let a = -8393 + 9199. What is the highest common factor of 962 and a?
26
Suppose 28*b = 27*b + 3. Suppose l - b*h = 9, -2*h - 1 + 0 = l. Suppose w - 1 = -4*q + 8, l*q + 3*w = 0. Calculate the highest common divisor of q and 2.
1
Suppose 54*k + 67*k - 1246 = -399. What is the greatest common divisor of k and 623?
7
Suppose o - 4*p - 239 = 0, -5*o = -4*o + 2*p - 263. Suppose 0 = -3*i - 146 + 605. What is the greatest common divisor of i and o?
51
Let z = 112 + -66. Let d be (-24*28)/(-4) + (-7)/1. What is the highest common factor of d and z?
23
Let c(u) = u - 32. Let q be c(-16). Let s = q - -55. Let j = s + 20. Calculate the highest common divisor of 243 and j.
27
Let a(p) = 31*p**2 - 56*p - 6. Let v be a(2). What is the greatest common factor of 282 and v?
6
Suppose 0 = 318*g - 316*g - 230. Let r be (g/(-2))/((-129)/774). What is the highest common factor of 30 and r?
15
Suppose 0 = 6*l - 0*l - l - 270. Calculate the highest common factor of 3024 and l.
54
Let u = -93 + 85. Let n(t) = 2*t**3 + 17*t**2 + 4*t - 15. Let g be n(u). What is the highest common factor of 68 and g?
17
Let m be ((-8)/28)/(((-20)/252)/5). Let i be 117*(2 - (4 + -3)). What is the greatest common divisor of m and i?
9
Let u(p) = p**3 - 9*p**2 + 3*p + 8. Let d be u(10). What is the highest common divisor of 33 and d?
3
Suppose 32*s = 36*s - 28. Let k = -173 + 254. Suppose 5*f - 24 = k. Calculate the greatest common factor of f and s.
7
Let j be (-106)/(-6) - ((-2)/(-3) - 0). Let z = 19 - j. Suppose -6*m = z*m - 304. Calculate the greatest common factor of 19 and m.
19
Let w = -25 - -44. Suppose -12 + 8 = -l. Suppose -2*b - t = -7*b + 669, -l*b + 524 = 2*t. What is the greatest common divisor of w and b?
19
Let m(a) = 25*a**2 - 595*a - 54. Let u be m(24). Calculate the greatest common divisor of 9240 and u.
66
Let z(s) = -11*s - 5*s - 5*s + 10 + 11*s. Let l be z(0). Suppose 0 = -5*t - p + 4*p + 72, -2*p = 3*t - 47. Calculate the greatest common divisor of l and t.
5
Let l = -92 + 139. Suppose -3*u = -v + l, -v + 3*v - 54 = -4*u. Let i = 15 - 5. What is the highest common factor of v and i?
5
Let u be ((-25500)/(-550))/(15/110). Let p be 10/(0 + (-2)/(-1)). Calculate the greatest common divisor of u and p.
5
Let t(h) = -3*h + 40. Let u be t(12). Suppose 61 = u*y + k, 38 = 4*y + 5*k - 43. What is the highest common divisor of y and 56?
14
Let v = -1817 - -1834. Suppose i - 2 = -1. Let h be i/(3*3/1683). What is the highest common divisor of h and v?
17
Let f(h) = 5*h**3 - 3*h + 2. Let o be f(1). Suppose -8 = -s + 4*m - o, 2*s - 4*m = 28. What is the highest common factor of 32 and s?
8
Let h(b) = 4*b + 8. Let z(n) = -2*n - 2. Let t(y) = -h(y) - 4*z(y). Let k be t(7). Calculate the highest common divisor of k and 28.
28
Suppose -4*z + 36 = 2*c, -4*c + 207*z - 211*z + 76 = 0. Calculate the greatest common divisor of 95 and c.
5
Let w = 1389 + -528. Suppose -3*h - 3*j = -1372 + 526, 3*h = 2*j + w. Calculate the greatest common factor of 15 and h.
15
Suppose -3*k = 2*k - 15. Suppose -k*i + 80 = 17*i. What is the greatest common divisor of 20 and i?
4
Suppose 5*t - 11730 = -5*w, 4*t = -39*w + 34*w + 9380. What is the highest common divisor of t and 100?
50
Suppose 557*n - 28017 = 30468. Let m(l) = l**3 - 2*l**2 - 3*l + 3. Let k be m(3). Suppose k*u - 45 = -0. Calculate the greatest common divisor of n and u.
15
Let l be (0 - 6012/10)/(4237/(-190) - -22). What is the greatest common factor of 12 and l?
12
Suppose 2*o = -2*o + 60. Let k be ((-24)/o)/((-2)/65). Let j = -1799 + 1812. What is the greatest common factor of k and j?
13
Let a be (-119*3/(-14))/(6/40). Suppose 2*f - 4*m = a + 1186, 0 = 5*f - 3*m - 3397. Calculate the greatest common factor of 40 and f.
40
Let u be ((-12)/(-9))/((-9)/(-27)). Let t(v) = 22*v - 80. Let f be t(u). Calculate the highest common factor of 34 and f.
2
Suppose -3*p + 8*p + 20 = 0, 2*p = -2*h - 30. Let d be 0 - (2 + 2) - h. Suppose -n + 0 = z - 2, -5*z + 9 = 4*n. Calculate the highest common factor of d and n.
1
Let h(q) = -q**3 - 9*q**2 + 7*q - 22. Let c be h(-10). Suppose -9*f = -c*f - 20. What is the highest common divisor of 200 and f?
20
Suppose 48*m - 2287 = -11*m + 1371. Calculate the highest common divisor of m and 4.
2
Let z(m) = -13*m**2 - 2867*m + 1336. Let a be z(-221). Suppose 3*j = 94 + 26. What is the highest common factor of a and j?
10
Let c be (6 - 1*-2)*30/(-24). Let p be (2 + 492)*(-5)/c. Calculate the highest common divisor of p and 19.
19
Suppose 2*k - 8257 = -21*k. Suppose -350*w = -k*w + 54. What is the greatest common factor of 18 and w?
6
Let u(q) = -68*q + 20. Let b(p) = -23*p + 7. Let k(a) = 11*b(a) - 4*u(a). Let t be k(4). Let c = 85 - t. What is the greatest common divisor of 120 and c?
12
Suppose 5*h = 3*h + 26. Let r = -238 - -304. Suppose -3*k = r - 105. Calculate the greatest common divisor of k and h.
13
Suppose -2*n + 24 = 2*z - 162, -n = 2*z - 93. Let p be (-256)/(-3)*n/62. What is the highest common factor of 96 and p?
32
Let q(z) = -2*z**3 + 34*z**2 - 28*z - 62. Let s be q(15). Calculate the greatest common factor of 190 and s.
38
Let m be 1/3 + 53004/(-63). Let f = m + 848. What is the highest common divisor of 16 and f?
1
Let s be 0 + -5 - (-4 - 3/1). Let q = 3 + -9. Let y be q/(-9) - (s + (-164)/6). What is the highest common factor of 130 and y?
26
Let r be (1